 by 689?
658
Calculate the remainder when 110443 is divided by 73.
67
Calculate the remainder when 537402 is divided by 933.
927
Calculate the remainder when 2349759 is divided by 70.
69
What is the remainder when 494981 is divided by 98774?
1111
Calculate the remainder when 6697324 is divided by 6050.
6024
Calculate the remainder when 17886 is divided by 8902.
82
Calculate the remainder when 4567451 is divided by 86.
77
Calculate the remainder when 58138325 is divided by 24.
5
What is the remainder when 70094 is divided by 23172?
578
Calculate the remainder when 170653 is divided by 688.
29
What is the remainder when 6281277 is divided by 1234?
217
What is the remainder when 2087889 is divided by 6016?
337
What is the remainder when 1632511 is divided by 816221?
69
What is the remainder when 14609305 is divided by 29?
4
What is the remainder when 204634860 is divided by 5984?
12
What is the remainder when 130595878 is divided by 683748?
10
What is the remainder when 1172322 is divided by 238?
172
Calculate the remainder when 2655 is divided by 76.
71
Calculate the remainder when 2211309 is divided by 100514.
1
Calculate the remainder when 65000 is divided by 652.
452
Calculate the remainder when 80408189 is divided by 4467121.
11
Calculate the remainder when 11456535 is divided by 161359.
46
Calculate the remainder when 4076182 is divided by 281.
277
Calculate the remainder when 6245223 is divided by 635.
633
What is the remainder when 12045009 is divided by 42?
39
What is the remainder when 7159336 is divided by 23?
11
Calculate the remainder when 26058358 is divided by 64.
54
What is the remainder when 816641 is divided by 84?
77
What is the remainder when 18698 is divided by 1997?
725
Calculate the remainder when 36135 is divided by 49.
22
What is the remainder when 10676262 is divided by 821249?
25
Calculate the remainder when 273771 is divided by 22814.
3
What is the remainder when 173157031 is divided by 2072?
2063
What is the remainder when 4155798 is divided by 916?
822
Calculate the remainder when 2335 is divided by 1819.
516
Calculate the remainder when 1978026 is divided by 157.
140
Calculate the remainder when 52835 is divided by 4027.
484
Calculate the remainder when 321784 is divided by 2931.
2305
Calculate the remainder when 55092 is divided by 3923.
170
What is the remainder when 15338 is divided by 311?
99
What is the remainder when 2469109 is divided by 14439?
40
What is the remainder when 1448171 is divided by 146?
143
What is the remainder when 1352566 is divided by 8?
6
Calculate the remainder when 1250491 is divided by 3920.
11
Calculate the remainder when 52561 is divided by 3978.
847
What is the remainder when 19744303 is divided by 282?
73
What is the remainder when 2695341 is divided by 1928?
1925
Calculate the remainder when 1644720 is divided by 1644628.
92
Calculate the remainder when 1796568 is divided by 1022.
914
Calculate the remainder when 10928761 is divided by 1813.
1810
Calculate the remainder when 147839287 is divided by 443.
441
What is the remainder when 660561 is divided by 303?
21
Calculate the remainder when 1102137 is divided by 1032.
993
Calculate the remainder when 24186392 is divided by 1071.
1070
Calculate the remainder when 78371492 is divided by 18.
14
What is the remainder when 1124383 is divided by 7159?
420
What is the remainder when 303684 is divided by 21689?
38
Calculate the remainder when 8436341 is divided by 595.
431
What is the remainder when 57252 is divided by 18574?
1530
What is the remainder when 1273737 is divided by 3129?
234
What is the remainder when 455608 is divided by 44?
32
What is the remainder when 23443074 is divided by 19667?
10
Calculate the remainder when 32557875 is divided by 1444.
7
What is the remainder when 8168678 is divided by 299?
297
Calculate the remainder when 652061 is divided by 354.
347
What is the remainder when 308167859 is divided by 660?
659
Calculate the remainder when 9052718 is divided by 3017570.
8
Calculate the remainder when 338839 is divided by 112916.
91
Calculate the remainder when 118282385 is divided by 783327.
8
Calculate the remainder when 887744 is divided by 2381.
2012
What is the remainder when 16256898 is divided by 1108?
322
What is the remainder when 10155481 is divided by 111?
91
Calculate the remainder when 9679427 is divided by 99.
98
Calculate the remainder when 95769 is divided by 1651.
11
Calculate the remainder when 1791511 is divided by 71.
39
What is the remainder when 115624 is divided by 89?
13
What is the remainder when 225972 is divided by 22578?
192
What is the remainder when 22428 is divided by 7243?
699
Calculate the remainder when 1160640 is divided by 1619.
1436
What is the remainder when 202131 is divided by 50478?
219
What is the remainder when 8083399 is divided by 325?
324
Calculate the remainder when 477155 is divided by 611.
575
Calculate the remainder when 8180500 is divided by 9140.
200
Calculate the remainder when 52974011 is divided by 98100.
11
What is the remainder when 52382130 is divided by 4393?
4391
What is the remainder when 2429671 is divided by 809877?
40
What is the remainder when 1287566 is divided by 10304?
9870
Calculate the remainder when 169095 is divided by 1199.
36
What is the remainder when 260346 is divided by 9239?
1654
Calculate the remainder when 10712477 is divided by 1417.
1374
What is the remainder when 24143452 is divided by 165?
157
Calculate the remainder when 188252 is divided by 1918.
288
Calculate the remainder when 1747825 is divided by 44805.
430
What is the remainder when 2872653 is divided by 32641?
245
What is the remainder when 5133 is divided by 1893?
1347
Calculate the remainder when 593876 is divided by 65986.
2
What is the remainder when 163428 is divided by 32684?
8
Calculate the remainder when 7999470 is divided by 3822.
24
Calculate the remainder when 50665 is divided by 5621.
76
What is the remainder when 608810197 is divided by 20?
17
Calculate the remainder when 5446115 is divided by 68.
63
What is the remainder when 6329229 is divided by 904172?
25
What is the remainder when 393182 is divided by 3305?
3192
What is the remainder when 2752203 is divided by 688046?
19
Calculate the remainder when 8333265 is divided by 1059.
1053
Calculate the remainder when 2766964 is divided by 260.
44
What is the remainder when 2132069 is divided by 39?
17
Calculate the remainder when 225924 is divided by 5268.
4668
What is the remainder when 115832 is divided by 738?
704
What is the remainder when 189611562 is divided by 439?
438
Calculate the remainder when 58590 is divided by 342.
108
Calculate the remainder when 83056241 is divided by 59.
53
Calculate the remainder when 32673080 is divided by 2067.
11
Calculate the remainder when 7409322 is divided by 70.
32
What is the remainder when 7326871 is divided by 5015?
4971
What is the remainder when 379035 is divided by 403?
215
What is the remainder when 2718808 is divided by 1073?
899
What is the remainder when 60341766 is divided by 5?
1
What is the remainder when 4850601 is divided by 1076?
1069
Calculate the remainder when 3659620 is divided by 46.
44
Calculate the remainder when 44196664 is divided by 24.
16
Calculate the remainder when 158570 is divided by 596.
34
Calculate the remainder when 108468733 is divided by 46.
43
What is the remainder when 808332 is divided by 784?
28
What is the remainder when 54629804 is divided by 7945?
7929
What is the remainder when 2123566 is divided by 12?
10
Calculate the remainder when 73255 is divided by 2519.
204
What is the remainder when 42492 is divided by 759?
747
What is the remainder when 2860727 is divided by 953545?
92
Calculate the remainder when 87161 is divided by 573.
65
What is the remainder when 956820 is divided by 956750?
70
Calculate the remainder when 26057067 is divided by 20.
7
What is the remainder when 77079486 is divided by 118?
116
Calculate the remainder when 453666 is divided by 1660.
486
Calculate the remainder when 984604 is divided by 24615.
4
Calculate the remainder when 294043 is divided by 425.
368
Calculate the remainder when 1400108 is divided by 2096.
2076
Calculate the remainder when 10267640 is divided by 684509.
5
What is the remainder wh